t q = 28 - 14. Let c(i) = 4*i + 2. Let x be c(3). Suppose -2*a + x = -a. Calculate the greatest common factor of a and q.
14
Suppose -o + 126 = 3*s - 8*s, 0 = 3*o + s - 378. Let v be (3/(-6))/(2/(-72)). Calculate the greatest common factor of o and v.
18
Let r = 15 + -3. What is the greatest common divisor of r and 30?
6
Let x = 25 - 13. Suppose 3*c - 21 = 33. Let h be 58/c + 4/(-18). Calculate the highest common factor of x and h.
3
Let o(i) = 3*i**2 - i - 19. Let l be o(-4). What is the greatest common factor of l and 11?
11
Let g(f) = -37*f - 15. Let h be g(-8). Let c = 396 - h. Calculate the greatest common factor of c and 46.
23
Let c be (-3)/4 - (-455)/20. Calculate the greatest common divisor of 33 and c.
11
Suppose 2*n - 13 = 1. Let u = n + -5. Let w be (-618)/(-8) + u/(-8). Calculate the greatest common divisor of w and 7.
7
Let b = 4 + -15. Let k(t) = -t + 19. Let a be k(0). Let c = b + a. Calculate the greatest common factor of c and 32.
8
Let b = -2 - -7. Suppose -287 = -b*c + 753. Calculate the highest common factor of c and 26.
26
Let v(s) = s**2 - 6*s + 5. Let p be v(5). Suppose -5*g = -15, p = -4*n - 0*g - g + 19. Calculate the greatest common factor of 28 and n.
4
Suppose 0*d - 7*d + 210 = 0. Calculate the highest common divisor of 3 and d.
3
Suppose 4*j = -2*x + 92, -3*x + 119 = x - 5*j. Suppose -2*z + 3*h = -180, -z + 0*h = 4*h - 90. What is the highest common factor of x and z?
18
Suppose -5*d = 3*v - 195, 3*v - 235 = -5*d + 8*v. Calculate the greatest common factor of 6 and d.
6
Suppose -f + 10 = -18. Calculate the greatest common divisor of 14 and f.
14
Let y(g) = -g**2 - g + 15. Suppose -2*r = -r. Let p be y(r). What is the greatest common factor of 45 and p?
15
Let a = -16 + 27. What is the greatest common divisor of a and 99?
11
Let l be 1*(-1 + 4 - 0). Suppose -4*b = -98 - 70. Let t = b - 24. Calculate the highest common divisor of t and l.
3
Let k be -115*(-2)/2 + -7. Let y = 13 + -1. What is the highest common factor of k and y?
12
Suppose g + 7*g = 32. Calculate the highest common factor of g and 4.
4
Suppose 5*n - 5*k = 1355, 15*k + 273 = n + 12*k. Calculate the greatest common divisor of n and 30.
30
Suppose 1 = -4*b - 3. Let u(p) = -57*p**3 - p**2. Let m be u(b). Suppose -a + 3*n - m = -5*a, 3*a = 2*n + 25. Calculate the highest common factor of a and 121.
11
Let i be (-4)/(-16)*(-4)/(-1). Let l = i - 0. Calculate the highest common divisor of l and 4.
1
Suppose 2*t + 4*v = 52, 2*v = -4*t + v + 118. Let n be (-64)/(-12) - (-2)/3. What is the highest common factor of n and t?
6
Suppose -11*o = -10*o - 5. Suppose 2*n - o*y = -21, n + 19 - 1 = 4*y. Let r be 17/4 - 2/8. What is the highest common divisor of n and r?
2
Let x be 3/(-2) - (-1)/(-2). Let t(f) = 3*f**2 + 3*f + 3. Let g be t(x). Suppose -5*n = 3*n - 648. Calculate the greatest common factor of n and g.
9
Suppose 4*y - 104 = -3*c, -110 = -5*y + 2*c + 43. What is the highest common factor of 261 and y?
29
Suppose -z + 19 = 4. Let y be 1056/108 + (-4)/(-18). Calculate the greatest common factor of z and y.
5
Let l be (1 + -3 + 1)*0. Let g be (-1 - l/1)*-2. Suppose 0 = -3*c + g*o + 35, -5*c - 3*o + 15 = -2*c. Calculate the highest common factor of c and 45.
9
Let l = 74 + -52. Calculate the greatest common factor of l and 110.
22
Suppose 152 = 11*c - 310. What is the greatest common divisor of c and 14?
14
Suppose 4*x = a + 12 - 3, 5*a = -3*x + 1. Suppose -7 = -x*w - 3. What is the highest common divisor of 6 and w?
2
Let u(k) = 2*k**2 + 2*k**2 - 2*k + k**3 - 4 + 0*k. Let a be u(-4). Suppose c + 0*c = a. What is the highest common factor of 1 and c?
1
Suppose -5*t = -2*i - i - 194, 5*i - 10 = 0. Suppose 3*l + 32 = -t. Let m = -13 - l. Calculate the highest common factor of m and 33.
11
Let a(y) = 2*y - 10 + 4 - 17*y - 6. Let f be a(-8). Calculate the greatest common factor of 12 and f.
12
Let y(g) = -3*g**3 - 2*g - 1. Let h be y(-1). Suppose 5 = f + 2, 0 = h*c + 5*f - 111. What is the greatest common factor of 192 and c?
24
Let y(m) = -m**3 - 18*m**2 - 9*m - 18. Let b be y(-18). What is the highest common divisor of 16 and b?
16
Suppose 2*x - 4*f = -6*f - 18, 4*x - f + 11 = 0. Let r(y) = 4*y**2 - y - 5. Let l be r(x). Suppose 2*b + b = 21. What is the greatest common divisor of l and b?
7
Let a = 725 + -417. Calculate the highest common factor of a and 44.
44
Let h be 1 - 0 - 12/(-4). Calculate the greatest common factor of h and 8.
4
Suppose 2*q + 2*q + 76 = 0. Let h = 34 + q. What is the greatest common divisor of 60 and h?
15
Let g be (19/(-3))/(1/(-9)). Calculate the highest common factor of g and 38.
19
Suppose 2*k + 120 = 4*k. Let p be -1 - -14 - (-3 - -4). Calculate the highest common divisor of p and k.
12
Let v = -2 + 7. Suppose 0 = v*a - 482 - 178. Suppose 2*t + a = 6*t. Calculate the highest common factor of t and 3.
3
Let r(q) = 2*q**2 - 3*q + 3. Let v be r(2). Let g(w) = -w**2 + 11*w - 6. Let z be g(v). Calculate the greatest common factor of 8 and z.
8
Suppose 3*d + 75 = 2*n, -41 - 17 = 2*d - 4*n. Suppose -r - 5*s = 4*r - 165, -5*r + 175 = -5*s. Let h = r + d. Calculate the greatest common divisor of h and 77.
11
Suppose -5*c = -5*x + 370, 6 = -2*c - 2. What is the highest common factor of x and 105?
35
Let v = 94 - -38. Calculate the greatest common divisor of v and 33.
33
Suppose -5*l + 29 + 26 = 0. What is the greatest common factor of 1 and l?
1
Suppose 46 = 4*b - 26. What is the greatest common factor of b and 27?
9
Let o = -3 + 8. Suppose 20 = 3*f - 2*r, -2*f = -0*f - o*r - 17. Let h be (-37)/(-2) + 2/(-4). Calculate the greatest common divisor of h and f.
6
Let r be (-9)/(-3 + 42/16). Calculate the highest common divisor of 120 and r.
24
Suppose -5 + 26 = 4*a - i, -a = 5*i. Suppose -a*n + 7*j - 3*j - 41 = 0, 3*j + 3 = -3*n. Let w be -1*1 + (3 - n). What is the greatest common factor of 77 and w?
7
Let k = -71 + 95. Calculate the greatest common factor of 32 and k.
8
Let w(a) be the first derivative of 3*a**4/4 + a**3/3 - a**2/2 + a - 3. Let g be w(1). What is the greatest common factor of g and 28?
4
Let t = 6 - 5. Let q be t - (16*8 - -2). Let o be (-4)/(-10) - q/15. What is the greatest common divisor of o and 63?
9
Suppose 4*c - 3*w = 471, 2*w - 658 = -5*c - 75. Suppose -4*g - 51 = -3*v, -2*v + 6*v = -2*g + 46. Calculate the highest common divisor of c and v.
13
Suppose 3*b = -0*b - 5*m + 44, -b - 5*m = -28. Calculate the greatest common divisor of 72 and b.
8
Let y(n) = -n**2 + 29*n - 1. Let r be y(22). What is the highest common divisor of 17 and r?
17
Suppose 5*y = 2 + 58. Calculate the highest common divisor of 3 and y.
3
Let j be 63/(-2)*2/(-3). Let d be (-21)/2*(-144)/j. Suppose -5*u = -4*s - d, u + 4*s = -0*s. Calculate the highest common factor of 12 and u.
12
Let u be (48/10 + -3)*5. Let i be 2/u*3*69. What is the highest common factor of 69 and i?
23
Suppose 4*i + 26 = -5*n, -n + 5*i + 24 - 6 = 0. Let p be 78 - n/(-4 - -2). Calculate the greatest common divisor of 11 and p.
11
Let w = 12 - -10. What is the greatest common factor of w and 88?
22
Let f be ((-1)/1)/(7/(-392)). What is the highest common divisor of 4 and f?
4
Let m be (4/10 - 2/5) + 98. What is the highest common divisor of m and 14?
14
Let j = 41 + -15. Calculate the highest common divisor of 65 and j.
13
Let r be 0*((-9)/(-6))/(-3). Suppose r = b + 5 - 41. Let a = -2 - -6. Calculate the highest common divisor of b and a.
4
Let y be 1*(3 - 2)/1. Calculate the highest common factor of 11 and y.
1
Let s be 20*((-1)/(-2) + 0). Let g be (-2 - -4)*25/2. Calculate the greatest common divisor of g and s.
5
Suppose 754 - 124 = 6*l. What is the greatest common factor of 15 and l?
15
Let y(w) = 2*w + 14. Let t be y(9). What is the highest common divisor of 48 and t?
16
Suppose 5*v - 270 = 2*v + 2*t, -475 = -5*v - 5*t. Let f = 263 - v. Calculate the highest common factor of 19 and f.
19
Let l be -5 - -4 - 7*-1. Let p be l/15 + 36/(-15). Let u(k) = -8*k**3 + k**2 + 4*k + 3. Let a be u(p). Calculate the greatest common divisor of a and 9.
9
Let d(l) = 3*l**2 - 3*l + 1. Let w be d(2). Let q = w + -4. Suppose 35 = q*b + 2*b. What is the greatest common factor of 1 and b?
1
Let a = 6 - 2. Let d = a - 6. Let v be (-11)/d*4/2. What is the highest common factor of 77 and v?
1